0*x + 6. Let o be w(-4). Let a = o + 96. Suppose -3*d - 57 - a = -4*y, -122 = -5*y - 4*d. Calculate the highest common factor of y and 22.
22
Suppose -2*w + 5*u + 170 = 0, 11*w - 5*u + 100 = 12*w. Let n = 435 - 183. What is the greatest common divisor of w and n?
18
Let v(l) = 40*l**3 - 3*l + 3. Let i be v(1). Let j = i - 23. What is the greatest common factor of 629 and j?
17
Let a be (-594317)/(-237) + (-6)/(-18). What is the highest common factor of 969 and a?
57
Suppose 169*n - 102*n + 757 = 3705. Calculate the highest common divisor of 17116 and n.
44
Suppose -179*i + 17935 = 32*i. What is the greatest common factor of 1343 and i?
17
Suppose 67*c - 4504 = 521. What is the greatest common factor of 5925 and c?
75
Let c(o) = -o + 10. Let h be c(9). Let z = 0 - 0. Suppose 5 = w, 4*r + z = 3*w + h. What is the greatest common factor of 2 and r?
2
Let u = -34 + 237. Let d be 7 + (-6 - (-5 - u)). What is the highest common factor of d and 57?
19
Suppose 3*r = -1472*o + 1476*o - 1657, 4*r + 398 = o. Calculate the highest common divisor of 3914 and o.
38
Let p be (2736/168 + -17)*-7147. Calculate the greatest common divisor of p and 5.
5
Suppose 30*u = 33320 + 50860. What is the highest common divisor of 230 and u?
46
Let c(b) = 3*b + 84. Let w be c(-18). Let o = 179 - 101. What is the greatest common divisor of o and w?
6
Let m be 4/42 - (17 + -5 + 9690/(-126)). Calculate the greatest common divisor of 845 and m.
65
Let g be 889/(-254)*3480/(-42). Calculate the highest common factor of 60030 and g.
290
Let i = 13400 - 13362. Calculate the greatest common divisor of 19114 and i.
38
Let w be (-4)/26 - 7320/(-260). Suppose -5*m - 5*c + 1416 - 411 = 0, -422 = -2*m + 3*c. Let r = m + -135. Calculate the highest common factor of r and w.
14
Let p be 1 + -3 - (6 - 27)/7. Let y be p*4/(-16)*-116. Calculate the highest common divisor of y and 667.
29
Let h(s) = 60*s**2 + 73*s - 7. Let c be h(3). Calculate the highest common divisor of 2444 and c.
188
Suppose -3*g + 3*c = -1833, -2*c + 586 = g + 2*c. What is the highest common factor of 30 and g?
6
Let r = 2325 - 2159. What is the greatest common factor of r and 13778?
166
Suppose 4*d - 6*d = -96. Let x = d + -43. Suppose -x*p + 287 - 102 = n, 0 = -3*n + 15. What is the greatest common divisor of p and 324?
36
Suppose 29 - 4 = 5*y. Suppose -3*l = 2*r, 0 = -r + y*l - 0*l. Suppose -5*k + 19 + 31 = r. What is the highest common factor of k and 10?
10
Suppose 73*v + 898 - 9804 = 0. What is the highest common divisor of v and 34?
2
Let s(a) = -6*a**3 - 259*a**2 - 44*a - 19. Let n be s(-43). What is the highest common factor of n and 2464?
8
Suppose 5*p - 427 = 3*y + 1045, 0 = -5*p + 2*y + 1473. Let l(a) = 88*a - 87. Let o be l(3). Calculate the greatest common factor of p and o.
59
Let z be 4 - (212/(-8))/((-2)/(-8)). What is the greatest common factor of 1342 and z?
22
Suppose -5*z + 9840 = 2*d, -74*d = -70*d. What is the highest common factor of z and 32?
16
Suppose -31*q + 20*q = 374. Suppose g - 2*n = -0*n + 46, 2*n - 116 = -2*g. Let a = g + q. Calculate the greatest common factor of a and 5.
5
Let k be 10*-1*-2*4/16. Suppose -12*q - 63 = -k*q. Let m be 649/3 - (-3)/q. What is the highest common divisor of 8 and m?
8
Suppose 4 - 8 = -2*s. Suppose 3 + 21 = s*p. Suppose p*o = 13*o - 4. Calculate the greatest common factor of o and 76.
4
Let z be (-2745)/(-610)*(-9230)/(-9). Calculate the highest common divisor of z and 260.
65
Suppose 3*z = z + 84. Let n(j) = -6*j**3 - 3*j**2 - 5*j - 2. Let u be n(-1). Calculate the greatest common factor of z and u.
6
Let q be 994/22 + (-38)/209. Suppose -q - 18 = -a. What is the greatest common divisor of 147 and a?
21
Let p be ((70/(-12))/5*2)/(3/(-171)). What is the highest common factor of p and 475?
19
Let x be (4 + -5)/((-3)/24). Let d be (1/2)/((-1)/(-4)). Let i be 2 + 3 + (-1 - d). Calculate the greatest common factor of x and i.
2
Let x be 2/(-5) + (-1624)/(-35). Let l = 44 + x. Suppose -2*h + 6 = -14. What is the greatest common divisor of h and l?
10
Let k be 6/14 + -12*2792/(-224). Calculate the greatest common divisor of 135 and k.
15
Suppose 0 = 14*n - 54 - 58. Let y be 25 + 6/n*4 - 1. Calculate the greatest common divisor of 1 and y.
1
Let a be (0*(-1)/2)/(4/(-1)). Suppose 5*x - q - 76 = a, -3*q - 30 = -4*x + 33. Let z be ((-8)/3)/(6/(-135)). What is the greatest common divisor of z and x?
15
Let y be (-4)/(-3) + (-1)/3. Let b = 437 - 565. Let c = 132 + b. Calculate the highest common divisor of c and y.
1
Suppose 2476 - 2399 = 2*k - 5*l, -l = 9. Calculate the greatest common divisor of 12520 and k.
8
Let k(y) = -22*y**2 + 2*y + 4. Let b be k(-1). Let x = b - -170. What is the greatest common divisor of 75 and x?
75
Let x = 199 - 610. Suppose 0 = -0*f - 4*f - 2400. Let t = x - f. Calculate the greatest common factor of t and 27.
27
Let z = -555 - -558. Suppose -z*g - 15 = 0, g - 165 - 86 = -4*v. Calculate the greatest common divisor of v and 1024.
64
Let m = 34 + -32. Suppose -m*j - 1 = -v + 13, 3*j = 6. What is the highest common divisor of 207 and v?
9
Suppose 1253 = 5*n + 878. What is the highest common divisor of n and 1545?
15
Let l be (-2386)/(-14) - (10 - 469/49). Let s = 52 - -16. Calculate the highest common divisor of l and s.
34
Let r be ((-1)/(-1) - (-139)/(-3))*-15. Suppose -340 = -3*l + r. Calculate the greatest common factor of 20 and l.
20
Suppose 127*r + 462 = 3*k + 130*r, 4*k - 3*r - 616 = 0. Calculate the highest common divisor of k and 1358.
14
Suppose 0 = 305*u + 347*u - 1541980. What is the greatest common factor of u and 55?
55
Suppose -7*k - 14*k + 65835 = 0. Suppose -4*a = a - k. Calculate the greatest common factor of 57 and a.
57
Let w be (-31)/(-2) + 5/(-10). Suppose -5*n = 4*t - 11, 2*t + 3*t + 4*n = 16. Suppose 2*z - 56 - t = 0. Calculate the greatest common divisor of z and w.
15
Suppose -5*c + 6 = -234. Let j(p) = -2 + 17 + p + 3 + 4. Let a be j(-16). What is the highest common divisor of c and a?
6
Let k = -7409 - -8300. Calculate the highest common divisor of 66 and k.
33
Let w(b) = -b**3 - 13*b**2 + 171*b - 32. Let i be w(-24). What is the highest common factor of i and 40?
40
Suppose -2*m - 72 = -4*u + 2*m, m + 37 = 2*u. Let f(r) = 8 - 9 + 17*r + 5. Let d be f(2). Calculate the greatest common factor of d and u.
19
Suppose 13 = -2*t + t - 5*q, -4*t + 36 = -2*q. Let p = -19 + 114. Let h = p - 32. Calculate the highest common factor of h and t.
7
Let j be (-600)/(6/(-8)*304/342). Suppose 0 = 5*m - j - 285. Calculate the greatest common factor of m and 3.
3
Let z = 32882 + -31488. What is the greatest common divisor of z and 574?
82
Suppose 58 - 10 = 4*b. Suppose 99 = 2*p - 3*l, -l = -35*p + 40*p - 307. Calculate the greatest common divisor of b and p.
12
Suppose 164122 + 353441 = 378*d + 283*d. Let r = -15 - -42. What is the greatest common factor of d and r?
27
Suppose 0 = 6*x - 199 - 89. Suppose 124*d = 130*d - x. Calculate the highest common factor of d and 128.
8
Suppose -707*v = -711*v + 276. Let o(h) = -19*h**3 + 3*h**2 + 2*h + 1. Let j be o(-2). What is the highest common divisor of j and v?
23
Suppose 0 = -13*u + 13 + 13. Let y(r) = -r**2 + 11*r - 7. Let i be y(u). Suppose 4*h = 5*v + 4 + 10, h = -v - 1. Calculate the highest common factor of h and i.
1
Let b = -111 + 115. Let n(l) = 8*l**2 + 28 - b*l**3 - 3*l - 36 + 3*l**3. Let s be n(6). What is the greatest common factor of 69 and s?
23
Let s = 33 + -27. Let d be (-24)/(-1 - -2)*(-8)/s. Calculate the highest common divisor of 32 and d.
32
Suppose 67*z - 44*z + 138 = 0. Let g be ((-144)/(-16))/(z/(-20)). What is the highest common divisor of g and 210?
30
Suppose -21*t - 84 = -19*t. Let d be -2 + (-120)/(-63) + (-508)/t. Let b = -130 + 226. Calculate the highest common factor of b and d.
12
Suppose -15*j + 97210 = 29375 - 23425. Calculate the greatest common factor of 78 and j.
78
Let g be (-3)/((-77)/28 + 2). Suppose x - 6 = -w, 0 = g*w - 8*w + 4*x + 32. Calculate the highest common factor of 10 and w.
1
Let h = -4432 - -4549. Calculate the highest common divisor of h and 91.
13
Let x be (-5 + 116/12)*(-17064)/(-63). Calculate the greatest common divisor of x and 16.
16
Let j(s) = -48*s + 912. Let v be j(-106). What is the highest common factor of 1875 and v?
